{"id":98432,"date":"2019-11-15T10:14:18","date_gmt":"2019-11-15T10:14:18","guid":{"rendered":"https:\/\/krojer-shop.de\/?post_type=product&#038;p=98432"},"modified":"2026-03-28T07:38:55","modified_gmt":"2026-03-28T07:38:55","slug":"rondane-pilotjacke-schwarz","status":"publish","type":"product","link":"https:\/\/krojer-shop.de\/?product=rondane-pilotjacke-schwarz","title":{"rendered":"NORWAY\u00ae Pilotjacke"},"content":{"rendered":"<p><strong>Material<img decoding=\"async\" class=\"size-full wp-image-98510 alignright\" src=\"https:\/\/krojer-shop.de\/wp-content\/uploads\/2019\/11\/feldtmann-logo.jpg\" alt=\"\" width=\"200\" height=\"100\" \/><\/strong><\/p>\n<ul>\n<li>Obermaterial: 60% Baumwolle<\/li>\n<li>40% Polyester, ca. 250 g\/m\u00b2<\/li>\n<li>Futter: 100% Polyester<\/li>\n<li>Faserpelz: 100% Polyester<\/li>\n<li>Farbe: schwarz<\/li>\n<\/ul>\n<p><strong>Eigenschaften<\/strong><\/p>\n<ul>\n<li>Kragen und \u00c4rmel abnehmbar, Webpelz-Futter herausnehmbar<\/li>\n<li>innen angenehm zu tragendes Polyester-Futter<\/li>\n<li>au\u00dfen abriebfestes Baumwoll-Polyester- Mischgewebe<\/li>\n<li>wasserabweisend durch hochwertige Beschichtung<\/li>\n<li>Beschichtung erm\u00f6glicht Reinigung und Maschinenw\u00e4sche bei 40\u00b0C<\/li>\n<li>robuster 2-Wege-Front-Rei\u00dfverschluss<\/li>\n<li>Strickbundabschluss an den \u00c4rmeln und am Saum<\/li>\n<\/ul>\n<p><strong>Taschen<\/strong><\/p>\n<ul>\n<li>\u00a02 Brusttaschen und 1 Handytasche<\/li>\n<li>2 H\u00fcfttaschen<\/li>\n<li>1 \u00c4rmeltasche<\/li>\n<li>1 Innentasche<\/li>\n<\/ul>\n","protected":false},"excerpt":{"rendered":"<p>Material Obermaterial: 60% Baumwolle 40% Polyester, ca. 250 g\/m\u00b2 Futter: 100% Polyester Faserpelz: 100% Polyester Farbe: schwarz Eigenschaften Kragen und \u00c4rmel abnehmbar, Webpelz-Futter herausnehmbar innen angenehm zu tragendes Polyester-Futter au\u00dfen abriebfestes Baumwoll-Polyester- Mischgewebe wasserabweisend durch hochwertige Beschichtung Beschichtung erm\u00f6glicht Reinigung und Maschinenw\u00e4sche bei 40\u00b0C robuster 2-Wege-Front-Rei\u00dfverschluss Strickbundabschluss an den \u00c4rmeln und am Saum Taschen \u00a02 &hellip;<\/p>\n<p class=\"read-more\"> <a class=\"\" href=\"https:\/\/krojer-shop.de\/?product=rondane-pilotjacke-schwarz\"> <span class=\"screen-reader-text\">NORWAY\u00ae Pilotjacke<\/span> Weiterlesen &raquo;<\/a><\/p>\n","protected":false},"featured_media":98442,"template":"","meta":[],"product_brand":[],"product_cat":[72,81],"product_tag":[],"class_list":{"0":"post-98432","1":"product","2":"type-product","3":"status-publish","4":"has-post-thumbnail","6":"product_cat-arbeitsbekleidung","7":"product_cat-jacken","9":"first","10":"instock","11":"taxable","12":"shipping-taxable","13":"purchasable","14":"product-type-variable"},"_links":{"self":[{"href":"https:\/\/krojer-shop.de\/index.php?rest_route=\/wp\/v2\/product\/98432","targetHints":{"allow":["GET"]}}],"collection":[{"href":"https:\/\/krojer-shop.de\/index.php?rest_route=\/wp\/v2\/product"}],"about":[{"href":"https:\/\/krojer-shop.de\/index.php?rest_route=\/wp\/v2\/types\/product"}],"version-history":[{"count":6,"href":"https:\/\/krojer-shop.de\/index.php?rest_route=\/wp\/v2\/product\/98432\/revisions"}],"predecessor-version":[{"id":99079,"href":"https:\/\/krojer-shop.de\/index.php?rest_route=\/wp\/v2\/product\/98432\/revisions\/99079"}],"wp:featuredmedia":[{"embeddable":true,"href":"https:\/\/krojer-shop.de\/index.php?rest_route=\/wp\/v2\/media\/98442"}],"wp:attachment":[{"href":"https:\/\/krojer-shop.de\/index.php?rest_route=%2Fwp%2Fv2%2Fmedia&parent=98432"}],"wp:term":[{"taxonomy":"product_brand","embeddable":true,"href":"https:\/\/krojer-shop.de\/index.php?rest_route=%2Fwp%2Fv2%2Fproduct_brand&post=98432"},{"taxonomy":"product_cat","embeddable":true,"href":"https:\/\/krojer-shop.de\/index.php?rest_route=%2Fwp%2Fv2%2Fproduct_cat&post=98432"},{"taxonomy":"product_tag","embeddable":true,"href":"https:\/\/krojer-shop.de\/index.php?rest_route=%2Fwp%2Fv2%2Fproduct_tag&post=98432"}],"curies":[{"name":"wp","href":"https:\/\/api.w.org\/{rel}","templated":true}]}}